44344141 composite?
True
Is 41104456537 prime?
False
Is 146267252107 prime?
True
Is 1801016219 a prime number?
False
Is 42838153115 composite?
True
Is 712955989 a prime number?
True
Is 9542397409 a composite number?
True
Is 47178767 a prime number?
False
Is 537807047 composite?
True
Is 1105907921 a prime number?
True
Is 557017457 composite?
False
Is 97727110751 composite?
False
Is 3449614349 composite?
True
Is 10078935857 composite?
True
Is 2741528819 composite?
True
Is 3532990589 a composite number?
False
Is 6132818213 a composite number?
False
Is 30276093697 a prime number?
True
Is 211560457 prime?
False
Is 65600443 a prime number?
True
Is 9810561 a prime number?
False
Is 413228039 a composite number?
True
Is 7820947159 a prime number?
True
Is 418135073 a composite number?
True
Is 3216538019 prime?
True
Is 1452143171 a composite number?
False
Is 801494899 a prime number?
False
Is 2963949281 composite?
False
Is 52231497229 a prime number?
False
Is 4051865837 composite?
True
Is 353620087 prime?
False
Is 644846513 a prime number?
True
Is 607031483 a prime number?
False
Is 5797599791 composite?
False
Is 1352177309 prime?
False
Is 1258130099 a prime number?
False
Is 281585302781 composite?
False
Is 673821853 prime?
True
Is 3707523289 a prime number?
True
Is 13135898761 a prime number?
False
Is 1581358517 prime?
True
Is 41956777601 a prime number?
True
Is 9007032703 composite?
False
Is 1009571737 a composite number?
False
Is 874517489 a composite number?
True
Is 1718793799 a composite number?
False
Is 175035139 a prime number?
True
Is 922732541 a prime number?
False
Is 36474901669 composite?
False
Is 1588374173 prime?
True
Is 72628410097 composite?
False
Is 18430832038 a composite number?
True
Is 3045288823 prime?
True
Is 523831701881 composite?
False
Is 224338873 a composite number?
True
Is 2621713163 a composite number?
False
Is 556119749 a composite number?
False
Is 52330744031 a composite number?
False
Is 1158330059 composite?
True
Is 3993123053 a prime number?
True
Is 613022521 prime?
True
Is 185216261 composite?
True
Is 2419923113 composite?
False
Is 3642941551 composite?
False
Is 5618289349 composite?
True
Is 263270338751 prime?
False
Is 10839833909 a composite number?
False
Is 144757367 a composite number?
False
Is 6669414733 composite?
False
Is 1088742521 a composite number?
False
Is 609831951 composite?
True
Is 4410025889 a prime number?
True
Is 394356359 prime?
False
Is 4488944359 prime?
False
Is 79078151513 prime?
True
Is 14171247427 composite?
True
Is 2881690697 prime?
False
Is 7580771931 composite?
True
Is 28556433053 a prime number?
True
Is 3904551019 composite?
False
Is 62543918047 composite?
True
Is 96369470453 prime?
True
Is 969061141 a composite number?
False
Is 242609327 a composite number?
True
Is 56845304501 prime?
True
Is 1902563213 a composite number?
False
Is 2232864157 a prime number?
False
Is 54353401 composite?
False
Is 18901703233 prime?
False
Is 4757232353 prime?
False
Is 852380887 composite?
False
Is 2366108495 a prime number?
False
Is 480117577 composite?
False
Is 527431537 composite?
True
Is 67120582889 a composite number?
False
Is 70096130179 composite?
False
Is 674630893 composite?
True
Is 7205911013 a prime number?
False
Is 89092378 a composite number?
True
Is 8621019619 a prime number?
True
Is 12195563797 composite?
True
Is 30691985761 composite?
True
Is 3629631463 prime?
True
Is 309350813 a composite number?
False
Is 87654944219 composite?
True
Is 2911537617 prime?
False
Is 1984622173 prime?
False
Is 14936239781 a composite number?
False
Is 10572119 a prime number?
False
Is 203022763 a composite number?
True
Is 3953035799 a prime number?
True
Is 158414539 prime?
True
Is 35440218301 prime?
True
Is 54492231169 prime?
False
Is 243080381 a prime number?
False
Is 11198819 a prime number?
True
Is 7879444691 composite?
False
Is 1700159143 a composite number?
False
Is 17405059757 prime?
True
Is 2856424709 a composite number?
False
Is 43931392933 a prime number?
True
Is 1647233131 a composite number?
True
Is 3926105 a prime number?
False
Is 2705899813 a composite number?
False
Is 16484343169 a composite number?
True
Is 13739117 a prime number?
False
Is 27659160679 prime?
False
Is 546768551 composite?
True
Is 890098241 prime?
True
Is 33199955447 composite?
False
Is 16814179726 a prime number?
False
Is 629139653 prime?
False
Is 4345135619 prime?
False
Is 838033713067 composite?
False
Is 3277266739 prime?
True
Is 12751865927 a composite number?
False
Is 135142134317 prime?
True
Is 803062642 a composite number?
True
Is 489431857 a composite number?
False
Is 22183739969 prime?
False
Is 1301619079 prime?
False
Is 376702367 a prime number?
True
Is 106027801 a composite number?
True
Is 57967097 a prime number?
False
Is 41510129827 prime?
False
Is 46820193047 a prime number?
True
Is 1745504405 a composite number?
True
Is 44405178214 composite?
True
Is 23205267838 a composite number?
True
Is 10197883079 prime?
True
Is 625064159 a prime number?
True
Is 2272752395 a prime number?
False
Is 6135063373 prime?
True
Is 1439820742 prime?
False
Is 935247427 composite?
False
Is 4113685111 a composite number?
True
Is 70731553069 a composite number?
False
Is 229749727 a prime number?
False
Is 711058217 prime?
True
Is 266451937 a composite number?
True
Is 4379090041 composite?
False
Is 62789997383 a composite number?
False
Is 117130506533 a prime number?
True
Is 1865487227 a prime number?
False
Is 2134995851 a prime number?
True
Is 1175237927 a composite number?
False
Is 128416203803 a composite number?
False
Is 97335026531 composite?
False
Is 65478011 a composite number?
False
Is 34234024441 prime?
True
Is 65708220731 a composite number?
True
Is 20237437281 composite?
True
Is 24042555535 a composite number?
True
Is 2846191513 composite?
True
Is 151710901 a composite number?
True
Is 8172450743 composite?
False
Is 25344897583 composite?
False
Is 579684643 prime?
True
Is 7848895127 prime?
True
Is 16878416501 a prime number?
True
Is 16945457569 a prime number?
True
Is 1388028583 a prime number?
True
Is 423801009449 composite?
False
Is 14017832903 a prime number?
True
Is 46069268897 prime?
False
Is 19252599911 composite?
False
Is 88084301 prime?
True
Is 2954877307 a prime number?
False
Is 107748799 prime?
False
Is 903552917 a composite number?
False
Is 78118031 a composite number?
False
Is 6688146161 a prime number?
False
Is 8278503799 a composite number?
False
Is 9681158813 composite?
True
Is 245436754 prime?
False
Is 15501788681 prime?
False
Is 28992947099 a prime number?
True
Is 55909753327 prime?
False
Is 237689097209 a composite number?
True
Is 738102149 composite?
True
Is 1298476457 composite?
False
Is 1192515283 prime?
False
Is 868803333 prime?
False
Is 7258181081 prime?
False
Is 110527264223 a prime number?
True
Is 10992700013 a prime number?
True
Is 6064068779 a prime number?
True
Is 10201558819 a prime number?
False
Is 2096386319 a composite number?
True
Is 2202107107 composite?
False
Is 52072658041 a prime number?
True
Is 2266357837 a composite number?
False
Is 188210591 composite?
False
Is 705823355 a composite number?
True
Is 1069930759 a prime number?
False
Is 99734262247 composite?
False
Is 682454699 composite?
False
Is 32502062617 prime?
False
Is 122179361 a prime number?
True
Is 683175971 a composite number?
True
Is 129244973315 prime?
False
Is 40118378387 prime?
False
Is 72092492291 a prime number?
False
Is 1853821609 a prime number?
True
Is 1964578723 a prime number?
True
Is 80534327 prime?
True
Is 50601678863 composite?
False
Is 31221965603 a prime number?
True
Is 83668957 prime?
True
Is 1052108726 a prime number?
False
Is 94933463 prime?
True
Is 113310629 a composite number?
False
Is 449122049 prime?
True
Is 971713471 prime?
True
Is 827358751 prime?
True
Is 179320073 prime?
False
Is 22527103273 a composite number?
True
Is 536438869 a composite number?
False
Is 4346164477 a prime number?
False
Is 42052029763 prime?
False
Is 1254676877 prime?
False
Is 3739844897 prime?
False
Is 5780468803 a prime number?
True
Is 9185360343 composite?
True
Is 11090222671 prime?
False
Is 723099281 prime?
False
Is 543122447 prime?
False
Is 979347679 prime?
False
Is 663888283 a composite number?
False
Is 3221485723 prime?
False
Is 914926091 p